{"id":2179,"date":"2022-04-19T12:14:28","date_gmt":"2022-04-19T11:14:28","guid":{"rendered":"https:\/\/www.craag.dz\/teste\/?page_id=2179"},"modified":"2024-06-08T11:49:37","modified_gmt":"2024-06-08T10:49:37","slug":"seisme-dain-temouchent","status":"publish","type":"page","link":"https:\/\/www.craag.dz\/index.php\/seisme-dain-temouchent\/","title":{"rendered":"S\u00e9isme d&rsquo;Ain Temouchent"},"content":{"rendered":"\t\t<div data-elementor-type=\"wp-page\" data-elementor-id=\"2179\" class=\"elementor elementor-2179\">\n\t\t\t\t\t\t<section class=\"has_eae_slider elementor-section elementor-top-section elementor-element elementor-element-5aa4753 elementor-section-boxed elementor-section-height-default elementor-section-height-default\" data-id=\"5aa4753\" data-element_type=\"section\">\n\t\t\t\t\t\t<div class=\"elementor-container elementor-column-gap-default\">\n\t\t\t\t\t<div class=\"has_eae_slider elementor-column elementor-col-100 elementor-top-column elementor-element elementor-element-1b44a9d\" data-id=\"1b44a9d\" data-element_type=\"column\">\n\t\t\t<div class=\"elementor-widget-wrap elementor-element-populated\">\n\t\t\t\t\t\t<div class=\"elementor-element elementor-element-a6d3867 elementor-widget elementor-widget-spacer\" data-id=\"a6d3867\" data-element_type=\"widget\" data-widget_type=\"spacer.default\">\n\t\t\t\t<div class=\"elementor-widget-container\">\n\t\t\t\t\t<div class=\"elementor-spacer\">\n\t\t\t<div class=\"elementor-spacer-inner\"><\/div>\n\t\t<\/div>\n\t\t\t\t<\/div>\n\t\t\t\t<\/div>\n\t\t\t\t\t<\/div>\n\t\t<\/div>\n\t\t\t\t\t<\/div>\n\t\t<\/section>\n\t\t\t\t<section class=\"has_eae_slider elementor-section elementor-top-section elementor-element elementor-element-50fa338 elementor-section-boxed elementor-section-height-default elementor-section-height-default\" data-id=\"50fa338\" data-element_type=\"section\">\n\t\t\t\t\t\t<div class=\"elementor-container elementor-column-gap-default\">\n\t\t\t\t\t<div class=\"has_eae_slider elementor-column elementor-col-16 elementor-top-column elementor-element elementor-element-989879a\" data-id=\"989879a\" data-element_type=\"column\">\n\t\t\t<div class=\"elementor-widget-wrap elementor-element-populated\">\n\t\t\t\t\t\t<div class=\"elementor-element elementor-element-2aab574 elementor-widget elementor-widget-button\" data-id=\"2aab574\" data-element_type=\"widget\" data-widget_type=\"button.default\">\n\t\t\t\t<div class=\"elementor-widget-container\">\n\t\t\t\t\t\t\t<div class=\"elementor-button-wrapper\">\n\t\t\t\t\t<a class=\"elementor-button elementor-button-link elementor-size-sm\" href=\"https:\/\/www.craag.dz\/index.php\/reseau-sismologique\/\">\n\t\t\t\t\t\t<span class=\"elementor-button-content-wrapper\">\n\t\t\t\t\t\t\t\t\t<span class=\"elementor-button-text\">R\u00e9seau sismologique<\/span>\n\t\t\t\t\t<\/span>\n\t\t\t\t\t<\/a>\n\t\t\t\t<\/div>\n\t\t\t\t\t\t<\/div>\n\t\t\t\t<\/div>\n\t\t\t\t\t<\/div>\n\t\t<\/div>\n\t\t\t\t<div class=\"has_eae_slider elementor-column elementor-col-16 elementor-top-column elementor-element elementor-element-869da5c\" data-id=\"869da5c\" data-element_type=\"column\">\n\t\t\t<div class=\"elementor-widget-wrap elementor-element-populated\">\n\t\t\t\t\t\t<div class=\"elementor-element elementor-element-bd678d8 elementor-widget elementor-widget-button\" data-id=\"bd678d8\" data-element_type=\"widget\" data-widget_type=\"button.default\">\n\t\t\t\t<div class=\"elementor-widget-container\">\n\t\t\t\t\t\t\t<div class=\"elementor-button-wrapper\">\n\t\t\t\t\t<a class=\"elementor-button elementor-button-link elementor-size-sm\" href=\"https:\/\/www.craag.dz\/index.php\/copie-reseau-sismologique\/\">\n\t\t\t\t\t\t<span class=\"elementor-button-content-wrapper\">\n\t\t\t\t\t\t\t\t\t<span class=\"elementor-button-text\">Sismicit\u00e9 historique<\/span>\n\t\t\t\t\t<\/span>\n\t\t\t\t\t<\/a>\n\t\t\t\t<\/div>\n\t\t\t\t\t\t<\/div>\n\t\t\t\t<\/div>\n\t\t\t\t\t<\/div>\n\t\t<\/div>\n\t\t\t\t<div class=\"has_eae_slider elementor-column elementor-col-16 elementor-top-column elementor-element elementor-element-1f74287\" data-id=\"1f74287\" data-element_type=\"column\">\n\t\t\t<div class=\"elementor-widget-wrap elementor-element-populated\">\n\t\t\t\t\t\t<div class=\"elementor-element elementor-element-fb26266 elementor-widget elementor-widget-button\" data-id=\"fb26266\" data-element_type=\"widget\" data-widget_type=\"button.default\">\n\t\t\t\t<div class=\"elementor-widget-container\">\n\t\t\t\t\t\t\t<div class=\"elementor-button-wrapper\">\n\t\t\t\t\t<a class=\"elementor-button elementor-button-link elementor-size-sm\" href=\"https:\/\/www.craag.dz\/index.php\/copie-sismicite-historique\/\">\n\t\t\t\t\t\t<span class=\"elementor-button-content-wrapper\">\n\t\t\t\t\t\t\t\t\t<span class=\"elementor-button-text\">Activit\u00e9  sismique<\/span>\n\t\t\t\t\t<\/span>\n\t\t\t\t\t<\/a>\n\t\t\t\t<\/div>\n\t\t\t\t\t\t<\/div>\n\t\t\t\t<\/div>\n\t\t\t\t\t<\/div>\n\t\t<\/div>\n\t\t\t\t<div class=\"has_eae_slider elementor-column elementor-col-16 elementor-top-column elementor-element elementor-element-7a6324d\" data-id=\"7a6324d\" data-element_type=\"column\">\n\t\t\t<div class=\"elementor-widget-wrap elementor-element-populated\">\n\t\t\t\t\t\t<div class=\"elementor-element elementor-element-0051936 elementor-widget elementor-widget-button\" data-id=\"0051936\" data-element_type=\"widget\" data-widget_type=\"button.default\">\n\t\t\t\t<div class=\"elementor-widget-container\">\n\t\t\t\t\t\t\t<div class=\"elementor-button-wrapper\">\n\t\t\t\t\t<a class=\"elementor-button elementor-button-link elementor-size-sm\" href=\"https:\/\/www.craag.dz\/index.php\/seisme-de-boumerdes\/\">\n\t\t\t\t\t\t<span class=\"elementor-button-content-wrapper\">\n\t\t\t\t\t\t\t\t\t<span class=\"elementor-button-text\">S\u00e9isme de Boumerdes<\/span>\n\t\t\t\t\t<\/span>\n\t\t\t\t\t<\/a>\n\t\t\t\t<\/div>\n\t\t\t\t\t\t<\/div>\n\t\t\t\t<\/div>\n\t\t\t\t\t<\/div>\n\t\t<\/div>\n\t\t\t\t<div class=\"has_eae_slider elementor-column elementor-col-16 elementor-top-column elementor-element elementor-element-3297c64\" data-id=\"3297c64\" data-element_type=\"column\">\n\t\t\t<div class=\"elementor-widget-wrap elementor-element-populated\">\n\t\t\t\t\t\t<div class=\"elementor-element elementor-element-eb5decb elementor-widget elementor-widget-button\" data-id=\"eb5decb\" data-element_type=\"widget\" data-widget_type=\"button.default\">\n\t\t\t\t<div class=\"elementor-widget-container\">\n\t\t\t\t\t\t\t<div class=\"elementor-button-wrapper\">\n\t\t\t\t\t<a class=\"elementor-button elementor-button-link elementor-size-sm\" href=\"https:\/\/www.craag.dz\/index.php\/seisme-dain-temouchent\/\">\n\t\t\t\t\t\t<span class=\"elementor-button-content-wrapper\">\n\t\t\t\t\t\t\t\t\t<span class=\"elementor-button-text\">S\u00e9isme d'Ain Temouchent<\/span>\n\t\t\t\t\t<\/span>\n\t\t\t\t\t<\/a>\n\t\t\t\t<\/div>\n\t\t\t\t\t\t<\/div>\n\t\t\t\t<\/div>\n\t\t\t\t\t<\/div>\n\t\t<\/div>\n\t\t\t\t<div class=\"has_eae_slider elementor-column elementor-col-16 elementor-top-column elementor-element elementor-element-0d7f275\" data-id=\"0d7f275\" data-element_type=\"column\">\n\t\t\t<div class=\"elementor-widget-wrap elementor-element-populated\">\n\t\t\t\t\t\t<div class=\"elementor-element elementor-element-9af31ab elementor-widget elementor-widget-button\" data-id=\"9af31ab\" data-element_type=\"widget\" data-widget_type=\"button.default\">\n\t\t\t\t<div class=\"elementor-widget-container\">\n\t\t\t\t\t\t\t<div class=\"elementor-button-wrapper\">\n\t\t\t\t\t<a class=\"elementor-button elementor-button-link elementor-size-sm\" href=\"https:\/\/www.craag.dz\/index.php\/seisme-del-asnam\/\">\n\t\t\t\t\t\t<span class=\"elementor-button-content-wrapper\">\n\t\t\t\t\t\t\t\t\t<span class=\"elementor-button-text\">S\u00e9isme d'El Asnam<\/span>\n\t\t\t\t\t<\/span>\n\t\t\t\t\t<\/a>\n\t\t\t\t<\/div>\n\t\t\t\t\t\t<\/div>\n\t\t\t\t<\/div>\n\t\t\t\t\t<\/div>\n\t\t<\/div>\n\t\t\t\t\t<\/div>\n\t\t<\/section>\n\t\t\t\t<section class=\"has_eae_slider elementor-section elementor-top-section elementor-element elementor-element-874fc96 elementor-section-boxed elementor-section-height-default elementor-section-height-default\" data-id=\"874fc96\" data-element_type=\"section\">\n\t\t\t\t\t\t<div class=\"elementor-container elementor-column-gap-default\">\n\t\t\t\t\t<div class=\"has_eae_slider elementor-column elementor-col-100 elementor-top-column elementor-element elementor-element-98c232b\" data-id=\"98c232b\" data-element_type=\"column\">\n\t\t\t<div class=\"elementor-widget-wrap elementor-element-populated\">\n\t\t\t\t\t\t<section class=\"has_eae_slider elementor-section elementor-inner-section elementor-element elementor-element-8011f15 elementor-section-full_width elementor-section-height-default elementor-section-height-default\" data-id=\"8011f15\" data-element_type=\"section\" data-settings=\"{&quot;background_background&quot;:&quot;classic&quot;,&quot;shape_divider_bottom&quot;:&quot;triangle-asymmetrical&quot;}\">\n\t\t\t\t\t<div class=\"elementor-shape elementor-shape-bottom\" data-negative=\"false\">\n\t\t\t<svg xmlns=\"http:\/\/www.w3.org\/2000\/svg\" viewBox=\"0 0 1000 100\" preserveAspectRatio=\"none\">\n\t<path class=\"elementor-shape-fill\" d=\"M738,99l262-93V0H0v5.6L738,99z\"\/>\n<\/svg>\t\t<\/div>\n\t\t\t\t\t<div class=\"elementor-container elementor-column-gap-default\">\n\t\t\t\t\t<div class=\"has_eae_slider elementor-column elementor-col-100 elementor-inner-column elementor-element elementor-element-f0330c8\" data-id=\"f0330c8\" data-element_type=\"column\">\n\t\t\t<div class=\"elementor-widget-wrap elementor-element-populated\">\n\t\t\t\t\t\t<div class=\"elementor-element elementor-element-bc2c76d elementor-widget elementor-widget-heading\" data-id=\"bc2c76d\" data-element_type=\"widget\" data-widget_type=\"heading.default\">\n\t\t\t\t<div class=\"elementor-widget-container\">\n\t\t\t<h2 class=\"elementor-heading-title elementor-size-default\">S\u00e9isme d'Ain Temouchent 22\/12\/1999 Mw : 5.7<\/h2>\t\t<\/div>\n\t\t\t\t<\/div>\n\t\t\t\t<div class=\"elementor-element elementor-element-d4cab53 elementor-widget elementor-widget-text-editor\" data-id=\"d4cab53\" data-element_type=\"widget\" data-widget_type=\"text-editor.default\">\n\t\t\t\t<div class=\"elementor-widget-container\">\n\t\t\t\t\t\t\t<p><strong>I-INTRODUCTION<\/strong><\/p><p><strong>L<\/strong>e Mercredi 22 d\u00e9cembre 1999, la r\u00e9gion ouest de l\u2019Alg\u00e9rie a \u00e9t\u00e9 une nouvelle fois \u00e9prouv\u00e9e par un tremblement de terre.<\/p><p>Il \u00e9tait 18h 37 mn, ce mercredi de ramadhan, quant la terre se mit \u00e0 trembler causant la mort de 24 personnes, blessant pr\u00e8s de 174 autres. Des milliers de sans abri furent \u00e9galement recens\u00e9s. Les d\u00e9g\u00e2ts f\u00fbrent quant \u00e0 eux consid\u00e9rables touchant aussi bien les infrastructures socio-\u00e9conomiques que les biens individuels.<\/p><p>Ce s\u00e9isme de magnitude 5.8 (fig.1) est le plus important qu\u2019ait connu la r\u00e9gion. En effet, du point de vue historique, la r\u00e9gion d\u2019Ain Temouchent n\u2019a jamais \u00e9t\u00e9 le si\u00e8ge d\u2019un s\u00e9isme destructeur (CRAAG,2000). Seules quelques secousses, g\u00e9n\u00e9ralement de faible magnitude ont \u00e9t\u00e9 recens\u00e9es de par le pass\u00e9.<\/p><p>Les investigations scientifiques men\u00e9es apr\u00e8s le s\u00e9isme nous ont permis d\u2019obtenir des<\/p><p>informations importantes sur la cause du s\u00e9isme.<\/p>\t\t\t\t\t\t<\/div>\n\t\t\t\t<\/div>\n\t\t\t\t<div class=\"elementor-element elementor-element-531bdf4 elementor-widget elementor-widget-image\" data-id=\"531bdf4\" data-element_type=\"widget\" data-widget_type=\"image.default\">\n\t\t\t\t<div class=\"elementor-widget-container\">\n\t\t\t\t\t\t\t\t\t\t\t\t\t<img fetchpriority=\"high\" decoding=\"async\" width=\"600\" height=\"305\" src=\"https:\/\/www.craag.dz\/wp-content\/uploads\/2022\/04\/temouchent.jpg\" class=\"attachment-large size-large wp-image-2181\" alt=\"\" srcset=\"https:\/\/www.craag.dz\/wp-content\/uploads\/2022\/04\/temouchent.jpg 600w, https:\/\/www.craag.dz\/wp-content\/uploads\/2022\/04\/temouchent-300x153.jpg 300w\" sizes=\"(max-width: 600px) 100vw, 600px\" \/>\t\t\t\t\t\t\t\t\t\t\t\t\t<\/div>\n\t\t\t\t<\/div>\n\t\t\t\t<div class=\"elementor-element elementor-element-121fa58 elementor-widget elementor-widget-text-editor\" data-id=\"121fa58\" data-element_type=\"widget\" data-widget_type=\"text-editor.default\">\n\t\t\t\t<div class=\"elementor-widget-container\">\n\t\t\t\t\t\t\t<p style=\"text-align: center;\"><strong>Fig.1\u00a0:<\/strong> S\u00e9isme d\u2019Ain Temouchent du 22.11.1999<\/p>\t\t\t\t\t\t<\/div>\n\t\t\t\t<\/div>\n\t\t\t\t<div class=\"elementor-element elementor-element-29af318 elementor-widget elementor-widget-image\" data-id=\"29af318\" data-element_type=\"widget\" data-widget_type=\"image.default\">\n\t\t\t\t<div class=\"elementor-widget-container\">\n\t\t\t\t\t\t\t\t\t\t\t\t\t<img decoding=\"async\" width=\"600\" height=\"403\" src=\"https:\/\/www.craag.dz\/wp-content\/uploads\/2022\/04\/temouchent1.jpg\" class=\"attachment-large size-large wp-image-2182\" alt=\"\" srcset=\"https:\/\/www.craag.dz\/wp-content\/uploads\/2022\/04\/temouchent1.jpg 600w, https:\/\/www.craag.dz\/wp-content\/uploads\/2022\/04\/temouchent1-300x202.jpg 300w\" sizes=\"(max-width: 600px) 100vw, 600px\" \/>\t\t\t\t\t\t\t\t\t\t\t\t\t<\/div>\n\t\t\t\t<\/div>\n\t\t\t\t<div class=\"elementor-element elementor-element-d6cb2a2 elementor-widget elementor-widget-text-editor\" data-id=\"d6cb2a2\" data-element_type=\"widget\" data-widget_type=\"text-editor.default\">\n\t\t\t\t<div class=\"elementor-widget-container\">\n\t\t\t\t\t\t\t<p style=\"text-align: center;\"><strong>Carte Isos\u00e9iste du s\u00e9isme <\/strong><\/p>\t\t\t\t\t\t<\/div>\n\t\t\t\t<\/div>\n\t\t\t\t<div class=\"elementor-element elementor-element-5029d35 elementor-widget elementor-widget-text-editor\" data-id=\"5029d35\" data-element_type=\"widget\" data-widget_type=\"text-editor.default\">\n\t\t\t\t<div class=\"elementor-widget-container\">\n\t\t\t\t\t\t\t<p><strong>II) SISMICITE HISTORIQUE<\/strong><\/p><p>La r\u00e9gion d\u2019Ain Temouchent reste une r\u00e9gion peu sismique puisque tr\u00e8s peu de s\u00e9ismes ont \u00e9t\u00e9 signal\u00e9s au cours de l\u2019histoire.<\/p><p>Cependant cette faible sismicit\u00e9 reste relative car il faut mentionner que la r\u00e9gion \u00e9tant peu peupl\u00e9e ou \u00e0 vocation agricole, il est fort probable que du point vue historique, les archives ne\u00a0 fassent pas mention d\u2019activit\u00e9 sismique.<\/p><p>Il faut \u00e9galement indiquer que l\u2019existence d\u2019une seule station sismologique (celle de Tlemcen) dans la r\u00e9gion jusqu\u2019\u00e0 1990 (date de l\u2019installation du r\u00e9seau de surveillance t\u00e9l\u00e9m\u00e9tr\u00e9), et son fonctionnement,\u00a0 pendant une dizaine d\u2019ann\u00e9es pourrait expliquer ce peu de connaissance de la sismicit\u00e9 de la r\u00e9gion.<\/p><p>En revanche, il faut indiquer que les r\u00e9gions frontali\u00e8res \u00e0 Ain Temouchent comme les r\u00e9gions d\u2019Oran, Mascara ou d\u2019Alboran sont le si\u00e8ge d\u2019une importante sismicit\u00e9. Dans ces r\u00e9gions de nombreux s\u00e9ismes destructeurs se sont produit (Oran, 9 Octobre 1790, Mascara, 18 Ao\u00fbt 1994.<\/p><p><strong>\u00a0<\/strong><\/p>\t\t\t\t\t\t<\/div>\n\t\t\t\t<\/div>\n\t\t\t\t<div class=\"elementor-element elementor-element-da89dfe elementor-widget elementor-widget-text-editor\" data-id=\"da89dfe\" data-element_type=\"widget\" data-widget_type=\"text-editor.default\">\n\t\t\t\t<div class=\"elementor-widget-container\">\n\t\t\t\t\t\t\t<p><strong>III) LE SEISME D\u2019AIN TEMOUCHENT\u00a0: CARACTERISTIQUES<\/strong>\u00a0<\/p><p>Le s\u00e9isme d\u2019Ain Temouchent a \u00e9t\u00e9 localis\u00e9 \u00e0\u00a0 35.25\u00b0N, 01.30\u00b0W pr\u00e8s de localit\u00e9 de Ain Allem. Ce s\u00e9isme de magnitude (Ml\u00a0:5.8) s\u2019est produit \u00e0 une profondeur de 04 km ce qui explique \u00e9galement qu\u2019il fut fortement ressenti par la population.<\/p><p>Le m\u00e9canisme focal d\u00e9termin\u00e9 \u00e0 partir des stations mondiales en inverse confirme l\u2019\u00e9tat en compression de la r\u00e9gion.<\/p><p>Le r\u00e9seau de stations sismologiques portables d\u00e9ploy\u00e9 quelques heures apr\u00e8s le s\u00e9isme a permis de suivre l\u2019activit\u00e9 microsismique pendant pr\u00e8s d\u2019un mois. Au del\u00e0 cette surveillance s\u2019est poursuivie gr\u00e2ce aux stations du r\u00e9seau national (REALSAS).<\/p><p>Si l\u2019activit\u00e9 microsismique juste apr\u00e8s le s\u00e9isme fut intense, plusieurs r\u00e9pliques assez fortes ressenties par la population se produisant, elle d\u00e9crut progressivement pour s\u2019att\u00e9nuer d\u00e9finitivement une ann\u00e9e apr\u00e8s. La derni\u00e8re secousse enregistr\u00e9e f\u00fbt le 4 janvier 2001 avec une magnitude de 3.1.<\/p><p>L\u2019enregistrement de cette activit\u00e9 a permis de mettre en relief un essaim de r\u00e9pliques de direction NE-SW avec un plongement vers le NW confirmant ainsi l\u2019existence d\u2019un accident actif dans cette direction (Yelles et al.,2000)<\/p>\t\t\t\t\t\t<\/div>\n\t\t\t\t<\/div>\n\t\t\t\t<div class=\"elementor-element elementor-element-b5acf1b elementor-widget elementor-widget-text-editor\" data-id=\"b5acf1b\" data-element_type=\"widget\" data-widget_type=\"text-editor.default\">\n\t\t\t\t<div class=\"elementor-widget-container\">\n\t\t\t\t\t\t\t<p>IV LES EFFETS DU SEISME<\/p><p>L\u2019occurrence de ce s\u00e9isme a engendr\u00e9 la morts de 24 personnes et bless\u00e9 pas moins de 177 personnes. Des milliers de famille (30 000 personnes) se sont retrouv\u00e9es quant \u00e0 elles sans abri du fait de la destruction de leur demeure. La r\u00e9gion la plus touch\u00e9e se situe dans un rayon de 20Km \u00e0 l\u2019Ouest d\u2019Ain Temouchent. Elle comprend, outre la ville d\u2019Ain Temouchent, les localit\u00e9s de Ain Tolba, Sidi Ben Adda, Ain Kihal, Ain Allem . Dans ces localit\u00e9s il y\u2019a eu destruction de nombreuses infrastructures socio-\u00e9conomiques (\u00e9coles, hopitaux, dispensaires, postes\u2026).Sur l\u2019\u00e9chelle de Mercalli, l\u2019Intensit\u00e9 \u00e9valu\u00e9e de cette zone est de VII . Le trac\u00e9 de la carte isos\u00e9istes (fig.2)montre nettement un allongement des courbes avec un axe privil\u00e9gi\u00e9e vers le NE-SW.<\/p><p>Sur le terrain, les investigations ont montr\u00e9 dans cette r\u00e9gion \u00e9picentrale de nombreuses traces de fissures de terrain en majorit\u00e9 orient\u00e9s dans une direction NE-SW. Ces traces furent observ\u00e9es dans la r\u00e9gion de Ain Allem, Ain Tolba, Ain Kihal\u2026) Si ces traces sont li\u00e9s \u00e0 de petits glissements de terrain, ou \u00e0 des effondrements de cavit\u00e9s volcaniques, celles-ci malheureusement ne montrent pas d\u2019indice tectonique prouvant l\u2019apparition de la faille en surface.<\/p>\t\t\t\t\t\t<\/div>\n\t\t\t\t<\/div>\n\t\t\t\t\t<\/div>\n\t\t<\/div>\n\t\t\t\t\t<\/div>\n\t\t<\/section>\n\t\t\t\t<div class=\"elementor-element elementor-element-c91de51 elementor-widget elementor-widget-spacer\" data-id=\"c91de51\" data-element_type=\"widget\" data-widget_type=\"spacer.default\">\n\t\t\t\t<div class=\"elementor-widget-container\">\n\t\t\t\t\t<div class=\"elementor-spacer\">\n\t\t\t<div class=\"elementor-spacer-inner\"><\/div>\n\t\t<\/div>\n\t\t\t\t<\/div>\n\t\t\t\t<\/div>\n\t\t\t\t\t<\/div>\n\t\t<\/div>\n\t\t\t\t\t<\/div>\n\t\t<\/section>\n\t\t\t\t<\/div>\n\t\t","protected":false},"excerpt":{"rendered":"<p>R\u00e9seau sismologique Sismicit\u00e9 historique Activit\u00e9 sismique S\u00e9isme de Boumerdes S\u00e9isme d&rsquo;Ain Temouchent S\u00e9isme d&rsquo;El Asnam S\u00e9isme d&rsquo;Ain Temouchent 22\/12\/1999 Mw : 5.7 I-INTRODUCTION Le Mercredi 22 d\u00e9cembre 1999, la r\u00e9gion ouest de l\u2019Alg\u00e9rie a \u00e9t\u00e9 une nouvelle fois \u00e9prouv\u00e9e par un tremblement de terre. Il \u00e9tait 18h 37 mn, ce mercredi de ramadhan, quant la [&hellip;]<\/p>\n","protected":false},"author":1,"featured_media":0,"parent":0,"menu_order":0,"comment_status":"closed","ping_status":"closed","template":"","meta":{"site-sidebar-layout":"no-sidebar","site-content-layout":"page-builder","ast-site-content-layout":"","site-content-style":"default","site-sidebar-style":"default","ast-global-header-display":"","ast-banner-title-visibility":"","ast-main-header-display":"","ast-hfb-above-header-display":"","ast-hfb-below-header-display":"","ast-hfb-mobile-header-display":"","site-post-title":"disabled","ast-breadcrumbs-content":"","ast-featured-img":"disabled","footer-sml-layout":"","theme-transparent-header-meta":"","adv-header-id-meta":"","stick-header-meta":"","header-above-stick-meta":"","header-main-stick-meta":"","header-below-stick-meta":"","astra-migrate-meta-layouts":"default","ast-page-background-enabled":"default","ast-page-background-meta":{"desktop":{"background-color":"var(--ast-global-color-4)","background-image":"","background-repeat":"repeat","background-position":"center center","background-size":"auto","background-attachment":"scroll","background-type":"","background-media":"","overlay-type":"","overlay-color":"","overlay-opacity":"","overlay-gradient":""},"tablet":{"background-color":"","background-image":"","background-repeat":"repeat","background-position":"center center","background-size":"auto","background-attachment":"scroll","background-type":"","background-media":"","overlay-type":"","overlay-color":"","overlay-opacity":"","overlay-gradient":""},"mobile":{"background-color":"","background-image":"","background-repeat":"repeat","background-position":"center center","background-size":"auto","background-attachment":"scroll","background-type":"","background-media":"","overlay-type":"","overlay-color":"","overlay-opacity":"","overlay-gradient":""}},"ast-content-background-meta":{"desktop":{"background-color":"var(--ast-global-color-5)","background-image":"","background-repeat":"repeat","background-position":"center center","background-size":"auto","background-attachment":"scroll","background-type":"","background-media":"","overlay-type":"","overlay-color":"","overlay-opacity":"","overlay-gradient":""},"tablet":{"background-color":"var(--ast-global-color-5)","background-image":"","background-repeat":"repeat","background-position":"center center","background-size":"auto","background-attachment":"scroll","background-type":"","background-media":"","overlay-type":"","overlay-color":"","overlay-opacity":"","overlay-gradient":""},"mobile":{"background-color":"var(--ast-global-color-5)","background-image":"","background-repeat":"repeat","background-position":"center center","background-size":"auto","background-attachment":"scroll","background-type":"","background-media":"","overlay-type":"","overlay-color":"","overlay-opacity":"","overlay-gradient":""}},"footnotes":""},"class_list":["post-2179","page","type-page","status-publish","hentry"],"_links":{"self":[{"href":"https:\/\/www.craag.dz\/index.php\/wp-json\/wp\/v2\/pages\/2179"}],"collection":[{"href":"https:\/\/www.craag.dz\/index.php\/wp-json\/wp\/v2\/pages"}],"about":[{"href":"https:\/\/www.craag.dz\/index.php\/wp-json\/wp\/v2\/types\/page"}],"author":[{"embeddable":true,"href":"https:\/\/www.craag.dz\/index.php\/wp-json\/wp\/v2\/users\/1"}],"replies":[{"embeddable":true,"href":"https:\/\/www.craag.dz\/index.php\/wp-json\/wp\/v2\/comments?post=2179"}],"version-history":[{"count":13,"href":"https:\/\/www.craag.dz\/index.php\/wp-json\/wp\/v2\/pages\/2179\/revisions"}],"predecessor-version":[{"id":5347,"href":"https:\/\/www.craag.dz\/index.php\/wp-json\/wp\/v2\/pages\/2179\/revisions\/5347"}],"wp:attachment":[{"href":"https:\/\/www.craag.dz\/index.php\/wp-json\/wp\/v2\/media?parent=2179"}],"curies":[{"name":"wp","href":"https:\/\/api.w.org\/{rel}","templated":true}]}}