{"id":4560,"date":"2024-04-17T11:32:50","date_gmt":"2024-04-17T10:32:50","guid":{"rendered":"https:\/\/www.craag.dz\/teste\/?page_id=4560"},"modified":"2025-09-11T15:33:00","modified_gmt":"2025-09-11T14:33:00","slug":"publications-divisions-aleas-et-risques-geologiques","status":"publish","type":"page","link":"https:\/\/www.craag.dz\/index.php\/publications-divisions-aleas-et-risques-geologiques\/","title":{"rendered":"Publications divisions al\u00e9as et risques g\u00e9ologiques"},"content":{"rendered":"\t\t<div data-elementor-type=\"wp-page\" data-elementor-id=\"4560\" class=\"elementor elementor-4560\">\n\t\t\t\t\t\t<section class=\"has_eae_slider elementor-section elementor-top-section elementor-element elementor-element-051a040 elementor-section-boxed elementor-section-height-default elementor-section-height-default\" data-id=\"051a040\" data-element_type=\"section\">\n\t\t\t\t\t\t<div class=\"elementor-container elementor-column-gap-default\">\n\t\t\t\t\t<div class=\"has_eae_slider elementor-column elementor-col-100 elementor-top-column elementor-element elementor-element-90c933e\" data-id=\"90c933e\" data-element_type=\"column\">\n\t\t\t<div class=\"elementor-widget-wrap elementor-element-populated\">\n\t\t\t\t\t\t<div class=\"elementor-element elementor-element-595a999 elementor-widget elementor-widget-spacer\" data-id=\"595a999\" data-element_type=\"widget\" data-widget_type=\"spacer.default\">\n\t\t\t\t<div class=\"elementor-widget-container\">\n\t\t\t\t\t<div class=\"elementor-spacer\">\n\t\t\t<div class=\"elementor-spacer-inner\"><\/div>\n\t\t<\/div>\n\t\t\t\t<\/div>\n\t\t\t\t<\/div>\n\t\t\t\t<div class=\"elementor-element elementor-element-49e4210 elementor-widget__width-initial elementor-widget elementor-widget-heading\" data-id=\"49e4210\" data-element_type=\"widget\" data-widget_type=\"heading.default\">\n\t\t\t\t<div class=\"elementor-widget-container\">\n\t\t\t<h2 class=\"elementor-heading-title elementor-size-default\">Publications de la Division Al\u00e9as et Risques G\u00e9ologiques<\/h2>\t\t<\/div>\n\t\t\t\t<\/div>\n\t\t\t\t\t<\/div>\n\t\t<\/div>\n\t\t\t\t\t<\/div>\n\t\t<\/section>\n\t\t\t\t<section class=\"has_eae_slider elementor-section elementor-top-section elementor-element elementor-element-83d5580 elementor-section-boxed elementor-section-height-default elementor-section-height-default\" data-id=\"83d5580\" data-element_type=\"section\">\n\t\t\t\t\t\t<div class=\"elementor-container elementor-column-gap-default\">\n\t\t\t\t\t<div class=\"has_eae_slider elementor-column elementor-col-100 elementor-top-column elementor-element elementor-element-bd93610\" data-id=\"bd93610\" data-element_type=\"column\">\n\t\t\t<div class=\"elementor-widget-wrap elementor-element-populated\">\n\t\t\t\t\t\t<div class=\"elementor-element elementor-element-bb730f0 premium-nav-dropdown elementor-fixed elementor-widget__width-initial elementor-widget elementor-widget-premium-nav-menu\" data-id=\"bb730f0\" data-element_type=\"widget\" data-settings=\"{&quot;_position&quot;:&quot;fixed&quot;,&quot;submenu_icon&quot;:{&quot;value&quot;:&quot;fas fa-angle-down&quot;,&quot;library&quot;:&quot;fa-solid&quot;},&quot;submenu_item_icon&quot;:{&quot;value&quot;:&quot;&quot;,&quot;library&quot;:&quot;&quot;}}\" data-widget_type=\"premium-nav-menu.default\">\n\t\t\t\t<div class=\"elementor-widget-container\">\n\t\t\t\t\t\t<div data-settings=\"{&quot;breakpoint&quot;:0,&quot;mobileLayout&quot;:null,&quot;mainLayout&quot;:&quot;dropdown&quot;,&quot;stretchDropdown&quot;:false,&quot;hoverEffect&quot;:&quot;&quot;,&quot;submenuEvent&quot;:null,&quot;submenuTrigger&quot;:null,&quot;closeAfterClick&quot;:false}\" class=\"premium-nav-widget-container premium-nav-pointer-none\" style=\"visibility:hidden; opacity:0;\">\r\n\t\t\t\t<div class=\"premium-ver-inner-container\">\r\n\t\t\t\t\t<div class=\"premium-hamburger-toggle premium-mobile-menu-icon\" role=\"button\" aria-label=\"Toggle Menu\">\r\n\t\t\t\t\t\t<span class=\"premium-toggle-text\">\r\n\t\t\t\t\t\t\t<i aria-hidden=\"true\" class=\"fas fa-bars\"><\/i>Liste des membres\t\t\t\t\t\t<\/span>\r\n\t\t\t\t\t\t<span class=\"premium-toggle-close\">\r\n\t\t\t\t\t\t\t<i aria-hidden=\"true\" class=\"fas fa-times\"><\/i>Fermer\t\t\t\t\t\t<\/span>\r\n\t\t\t\t\t<\/div>\r\n\t\t\t\t\t\t\t\t\t\t\t\t<div class=\"premium-mobile-menu-container\">\r\n\t\t\t\t\t\t\t\t<ul id=\"menu-liste-division-sismo-1\" class=\"premium-mobile-menu premium-main-mobile-menu premium-main-nav-menu\"><li id=\"premium-nav-menu-item-44161\" class=\"menu-item menu-item-type-custom menu-item-object-custom menu-item-has-children premium-nav-menu-item\"><a aria-expanded=\"false\" href=\"http:\/\/1\" data-e-disable-page-transition=\"true\" class=\"menu-link premium-menu-link premium-menu-link-parent\">Equipe Zonage Sismique<span role=\"application\" class=\"dropdown-menu-toggle ast-header-navigation-arrow\" tabindex=\"0\" aria-expanded=\"false\" aria-label=\"Permutateur de Menu\" ><\/span><i class=\"fas fa-angle-down premium-dropdown-icon\"><\/i><\/a>\n<ul class=\"premium-sub-menu\">\n\t<li id=\"premium-nav-menu-item-44202\" class=\"menu-item menu-item-type-custom menu-item-object-custom premium-nav-menu-item premium-sub-menu-item premium-item-anchor\"><a href=\"#ayadi\" class=\"menu-link premium-menu-link premium-sub-menu-link\">Ayadi Abdelhakim<\/a><\/li>\n\t<li id=\"premium-nav-menu-item-44213\" class=\"menu-item menu-item-type-custom menu-item-object-custom premium-nav-menu-item premium-sub-menu-item premium-item-anchor\"><a href=\"#ousadou\" class=\"menu-link premium-menu-link premium-sub-menu-link\">Ousadou Farida<\/a><\/li>\n\t<li id=\"premium-nav-menu-item-44224\" class=\"menu-item menu-item-type-custom menu-item-object-custom premium-nav-menu-item premium-sub-menu-item premium-item-anchor\"><a href=\"#aguemoune\" class=\"menu-link premium-menu-link premium-sub-menu-link\">Aguemoune Samir<\/a><\/li>\n<\/ul>\n<\/li>\n<li id=\"premium-nav-menu-item-44175\" class=\"menu-item menu-item-type-custom menu-item-object-custom menu-item-has-children premium-nav-menu-item\"><a aria-expanded=\"false\" href=\"http:\/\/2\" data-e-disable-page-transition=\"true\" class=\"menu-link premium-menu-link premium-menu-link-parent\">Equipe Sismologie<span role=\"application\" class=\"dropdown-menu-toggle ast-header-navigation-arrow\" tabindex=\"0\" aria-expanded=\"false\" aria-label=\"Permutateur de Menu\" ><\/span><i class=\"fas fa-angle-down premium-dropdown-icon\"><\/i><\/a>\n<ul class=\"premium-sub-menu\">\n\t<li id=\"premium-nav-menu-item-44236\" class=\"menu-item menu-item-type-custom menu-item-object-custom premium-nav-menu-item premium-sub-menu-item premium-item-anchor\"><a href=\"#radi\" class=\"menu-link premium-menu-link premium-sub-menu-link\">Rdi Zohir<\/a><\/li>\n\t<li id=\"premium-nav-menu-item-44247\" class=\"menu-item menu-item-type-custom menu-item-object-custom premium-nav-menu-item premium-sub-menu-item premium-item-anchor\"><a href=\"#issadi\" class=\"menu-link premium-menu-link premium-sub-menu-link\">Issaadi Abdelouahab<\/a><\/li>\n\t<li id=\"premium-nav-menu-item-44258\" class=\"menu-item menu-item-type-custom menu-item-object-custom premium-nav-menu-item premium-sub-menu-item premium-item-anchor\"><a href=\"#saadi\" class=\"menu-link premium-menu-link premium-sub-menu-link\">Saadi Ahmed<\/a><\/li>\n\t<li id=\"premium-nav-menu-item-44269\" class=\"menu-item menu-item-type-custom menu-item-object-custom premium-nav-menu-item premium-sub-menu-item premium-item-anchor\"><a href=\"#melouk\" class=\"menu-link premium-menu-link premium-sub-menu-link\">Melouk Billel<\/a><\/li>\n\t<li id=\"premium-nav-menu-item-447910\" class=\"menu-item menu-item-type-custom menu-item-object-custom premium-nav-menu-item premium-sub-menu-item premium-item-anchor\"><a href=\"#aidi\" class=\"menu-link premium-menu-link premium-sub-menu-link\">Aidi Chafik<\/a><\/li>\n\t<li id=\"premium-nav-menu-item-448011\" class=\"menu-item menu-item-type-custom menu-item-object-custom premium-nav-menu-item premium-sub-menu-item premium-item-anchor\"><a href=\"#chimouni\" class=\"menu-link premium-menu-link premium-sub-menu-link\">Chimouni Redouane<\/a><\/li>\n\t<li id=\"premium-nav-menu-item-448112\" class=\"menu-item menu-item-type-custom menu-item-object-custom premium-nav-menu-item premium-sub-menu-item premium-item-anchor\"><a href=\"#chami\" class=\"menu-link premium-menu-link premium-sub-menu-link\">Chami Adel<\/a><\/li>\n\t<li id=\"premium-nav-menu-item-448213\" class=\"menu-item menu-item-type-custom menu-item-object-custom premium-nav-menu-item premium-sub-menu-item premium-item-anchor\"><a href=\"#abacha\" class=\"menu-link premium-menu-link premium-sub-menu-link\">Abacha Issam<\/a><\/li>\n\t<li id=\"premium-nav-menu-item-448314\" class=\"menu-item menu-item-type-custom menu-item-object-custom premium-nav-menu-item premium-sub-menu-item premium-item-anchor\"><a href=\"#layadi\" class=\"menu-link premium-menu-link premium-sub-menu-link\">Layadi Khalissa<\/a><\/li>\n\t<li id=\"premium-nav-menu-item-448415\" class=\"menu-item menu-item-type-custom menu-item-object-custom premium-nav-menu-item premium-sub-menu-item premium-item-anchor\"><a href=\"#semmane\" class=\"menu-link premium-menu-link premium-sub-menu-link\">Semmana Fethi<\/a><\/li>\n<\/ul>\n<\/li>\n<li id=\"premium-nav-menu-item-441816\" class=\"menu-item menu-item-type-custom menu-item-object-custom menu-item-has-children premium-nav-menu-item\"><a aria-expanded=\"false\" href=\"http:\/\/3\" data-e-disable-page-transition=\"true\" class=\"menu-link premium-menu-link premium-menu-link-parent\">Equipe Sismologie Historique<span role=\"application\" class=\"dropdown-menu-toggle ast-header-navigation-arrow\" tabindex=\"0\" aria-expanded=\"false\" aria-label=\"Permutateur de Menu\" ><\/span><i class=\"fas fa-angle-down premium-dropdown-icon\"><\/i><\/a>\n<ul class=\"premium-sub-menu\">\n\t<li id=\"premium-nav-menu-item-448517\" class=\"menu-item menu-item-type-custom menu-item-object-custom premium-nav-menu-item premium-sub-menu-item premium-item-anchor\"><a href=\"#sebai\" class=\"menu-link premium-menu-link premium-sub-menu-link\">Sebai Amel<\/a><\/li>\n\t<li id=\"premium-nav-menu-item-448618\" class=\"menu-item menu-item-type-custom menu-item-object-custom premium-nav-menu-item premium-sub-menu-item premium-item-anchor\"><a href=\"#rouchiche\" class=\"menu-link premium-menu-link premium-sub-menu-link\">Rouchiche Yasmina<\/a><\/li>\n\t<li id=\"premium-nav-menu-item-448719\" class=\"menu-item menu-item-type-custom menu-item-object-custom premium-nav-menu-item premium-sub-menu-item premium-item-anchor\"><a href=\"#kerchouche\" class=\"menu-link premium-menu-link premium-sub-menu-link\">Kherchouche Radia<\/a><\/li>\n<\/ul>\n<\/li>\n<li id=\"premium-nav-menu-item-441920\" class=\"menu-item menu-item-type-custom menu-item-object-custom menu-item-has-children premium-nav-menu-item\"><a aria-expanded=\"false\" href=\"http:\/\/4\" data-e-disable-page-transition=\"true\" class=\"menu-link premium-menu-link premium-menu-link-parent\">Equipe Alerte et Pr\u00e9diction Sismique<span role=\"application\" class=\"dropdown-menu-toggle ast-header-navigation-arrow\" tabindex=\"0\" aria-expanded=\"false\" aria-label=\"Permutateur de Menu\" ><\/span><i class=\"fas fa-angle-down premium-dropdown-icon\"><\/i><\/a>\n<ul class=\"premium-sub-menu\">\n\t<li id=\"premium-nav-menu-item-449121\" class=\"menu-item menu-item-type-custom menu-item-object-custom premium-nav-menu-item premium-sub-menu-item premium-item-anchor\"><a href=\"#dabouz\" class=\"menu-link premium-menu-link premium-sub-menu-link\">Dabouz Ghania<\/a><\/li>\n\t<li id=\"premium-nav-menu-item-449222\" class=\"menu-item menu-item-type-custom menu-item-object-custom premium-nav-menu-item premium-sub-menu-item premium-item-anchor\"><a href=\"#boulahia\" class=\"menu-link premium-menu-link premium-sub-menu-link\">Boulahia Oualid<\/a><\/li>\n\t<li id=\"premium-nav-menu-item-449323\" class=\"menu-item menu-item-type-custom menu-item-object-custom premium-nav-menu-item premium-sub-menu-item premium-item-anchor\"><a href=\"#bendjama\" class=\"menu-link premium-menu-link premium-sub-menu-link\">Bendjama Hichem<\/a><\/li>\n\t<li id=\"premium-nav-menu-item-449424\" class=\"menu-item menu-item-type-custom menu-item-object-custom premium-nav-menu-item premium-sub-menu-item premium-item-anchor\"><a href=\"#kameche\" class=\"menu-link premium-menu-link premium-sub-menu-link\">Kameche Kheireddine<\/a><\/li>\n\t<li id=\"premium-nav-menu-item-449525\" class=\"menu-item menu-item-type-custom menu-item-object-custom premium-nav-menu-item premium-sub-menu-item premium-item-anchor\"><a href=\"#dilmi\" class=\"menu-link premium-menu-link premium-sub-menu-link\">Dilmi Takieddine<\/a><\/li>\n<\/ul>\n<\/li>\n<\/ul>\t\t\t\t\t\t\t<\/div>\r\n\t\t\t\t\t\t\t\t\t\t\t<\/div>\r\n\t\t\t<\/div>\r\n\t\t\t\t<\/div>\n\t\t\t\t<\/div>\n\t\t\t\t<div class=\"elementor-element elementor-element-47bb6a8 elementor-widget elementor-widget-spacer\" data-id=\"47bb6a8\" data-element_type=\"widget\" data-widget_type=\"spacer.default\">\n\t\t\t\t<div class=\"elementor-widget-container\">\n\t\t\t\t\t<div class=\"elementor-spacer\">\n\t\t\t<div class=\"elementor-spacer-inner\"><\/div>\n\t\t<\/div>\n\t\t\t\t<\/div>\n\t\t\t\t<\/div>\n\t\t\t\t<div class=\"elementor-element elementor-element-65fbe73 elementor-widget elementor-widget-menu-anchor\" data-id=\"65fbe73\" data-element_type=\"widget\" data-widget_type=\"menu-anchor.default\">\n\t\t\t\t<div class=\"elementor-widget-container\">\n\t\t\t\t\t<div class=\"elementor-menu-anchor\" id=\"bellalem\"><\/div>\n\t\t\t\t<\/div>\n\t\t\t\t<\/div>\n\t\t\t\t<div class=\"elementor-element elementor-element-c09c0c0 elementor-widget elementor-widget-text-editor\" data-id=\"c09c0c0\" data-element_type=\"widget\" data-widget_type=\"text-editor.default\">\n\t\t\t\t<div class=\"elementor-widget-container\">\n\t\t\t\t\t\t\t<h4>Talbi Abdelhak<\/h4><p><a href=\"https:\/\/www.scopus.com\/authid\/detail.uri?authorId=24462705800\" target=\"_blank\" rel=\"noopener\">https:\/\/www.scopus.com\/authid\/detail.uri?authorId=24462705800<\/a><\/p><h4>Bellalem Fouzi<\/h4><p><a href=\"https:\/\/www.researchgate.net\/profile\/Fouzi-Bellalem-3\" target=\"_blank\" rel=\"noopener\">https:\/\/www.researchgate.net\/profile\/Fouzi-Bellalem-3<\/a><\/p><p>Idrissou, S., <strong>Bellalem, F<\/strong>., Dehmous, H. et al. Seismic hazard assessment for bejaia city and its surrounding regions: integrating characteristic earthquake model and tectonic considerations. J Seismol (2025). <a href=\"https:\/\/doi.org\/10.1007\/s10950-025-10328-6\">https:\/\/doi.org\/10.1007\/s10950-025-10328-6<\/a><\/p><p><strong>Fouzi Bellalem,<\/strong> Vasily A. Pavlenko, Sergio Molina, Said Maouche, Rashad\u00a0<span style=\"font-style: inherit; font-weight: inherit; color: var( --e-global-color-text ); font-family: var( --e-global-typography-text-font-family ), Sans-serif; background-color: var(--ast-global-color-5); text-align: var(--bs-body-text-align);\">Sawires, Mourad Bezzeghoud, Abdelhak Talbi &amp; Mourad Mobarki (2024)\u00a0<\/span><span style=\"font-style: inherit; font-weight: inherit; color: var( --e-global-color-text ); font-family: var( --e-global-typography-text-font-family ), Sans-serif; background-color: var(--ast-global-color-5); text-align: var(--bs-body-text-align);\">Probabilistic seismic hazard analysis in Northern Algeria using the\u00a0<\/span><span style=\"font-style: inherit; font-weight: inherit; color: var( --e-global-color-text ); font-family: var( --e-global-typography-text-font-family ), Sans-serif; background-color: var(--ast-global-color-5); text-align: var(--bs-body-text-align);\">Parametric-Historic method. Natural Hazards.\u00a0<\/span><a style=\"font-style: inherit; font-weight: inherit; font-family: var( --e-global-typography-text-font-family ), Sans-serif; text-align: var(--bs-body-text-align);\" href=\"https:\/\/doi.org\/10.1007\/s11069-024-06978-3\">https:\/\/doi.org\/10.1007\/s11069-024-06978-3<\/a><\/p><p><b>Bellalem F,<\/b> Molina S, Daniell J, Maouche S, Talbi A, Mobarki M, Ymmel H,\u00a0<span style=\"font-style: inherit; font-weight: inherit; color: var( --e-global-color-text ); font-family: var( --e-global-typography-text-font-family ), Sans-serif; background-color: var(--ast-global-color-5); text-align: var(--bs-body-text-align);\">Djellit H (2024) Seismic risk assessment for the downtown of the city of\u00a0<\/span><span style=\"font-style: inherit; font-weight: inherit; color: var( --e-global-color-text ); font-family: var( --e-global-typography-text-font-family ), Sans-serif; background-color: var(--ast-global-color-5); text-align: var(--bs-body-text-align);\">Blida, Algeria. Int J Disaster Risk Reduct 103:104,314,\u00a0<\/span><a style=\"font-style: inherit; font-weight: inherit; font-family: var( --e-global-typography-text-font-family ), Sans-serif; text-align: var(--bs-body-text-align);\" href=\"https:\/\/doi.org\/10.1016\/j.ijdrr.2024.104314\">https:\/\/doi.org\/10.1016\/j.ijdrr.2024.104314<\/a><\/p><p><strong>Bellalem, F.<\/strong>, Talbi, A., Maouche, S., Mobarki, M. (2023). Analysis of statistical features of the Parametric Earthquake Catalog forAlgeria and Adjacent Regions (PECAAR): case of the maximum magnitude estimation in northern Algeria. Med. Geosc. Rev.5, 63\u201376(2023). https:\/\/doi.org\/10.1007\/s42990-023-00101-7<\/p><p><strong>Bellalem, F.<\/strong>, Talbi, A., Maouche, S. (2022) A unified M W parametric earthquake catalog for Algeria and adjacent regions (PECAAR).\u00a0Med. Geosc. Rev. 4, 427\u2013443. https:\/\/doi.org\/10.1007\/s42990-022-00085-w<\/p><p><strong>Bellalem, F.<\/strong>, Talbi, A., Djellit, H.\u00a0et al.\u00a0Seismic hazard assessment in the megacity of Blida (Algeria) and its surrounding regions using parametric-historic procedure.\u00a0J Seismol\u00a022, 897\u2013908 (2018). https:\/\/doi.org\/10.1007\/s10950-018-9740-2<\/p><p><strong>Bellalem, F.<\/strong>, Bounif, M.A., Koulakov, I. (2015) P and S waves tomographic analysis of the area of El Asnam\u2019s 1980 ms 7.3 earthquake (Algeria) from its aftershock sequence.\u00a0J Seismol\u00a019, 253\u2013264. https:\/\/doi.org\/10.1007\/s10950-014-9464-x<\/p><p><strong>Bellalem, F<\/strong>., Mobarki, M., Baddari, K., Djeddi, Mabrouk (2008) \u00c9l\u00e9ments d&rsquo;analyse de microsismicit\u00e9 pour des exp\u00e9riences hydrauliques. Cas de l&rsquo;exp\u00e9rience de stimulation Hydraulique du 13 au 23 septembre 2004 (Soultz-Sous-For\u00eats, Bas-Rhin, France) \u00e9ventuelle Application en Alg\u00e9rie. Bulletin du Service G\u00e9ologique National Vol. 19, n\u00b0 1, pp. 87 \u2013 99.<\/p><h4>Hellal Nassim<\/h4><p><a href=\"https:\/\/www.researchgate.net\/profile\/Hallal-Nassim\" target=\"_blank\" rel=\"noopener\">https:\/\/www.researchgate.net\/profile\/Hallal-Nassim<\/a><\/p><h4>Adjiri Seifeddine<\/h4><p><a href=\"https:\/\/www.researchgate.net\/profile\/Seifeddine-Adjiri\" target=\"_blank\" rel=\"noopener\">https:\/\/www.researchgate.net\/profile\/Seifeddine-Adjiri<\/a><\/p><h4>Gharbi Sofiane<\/h4><p><a href=\"https:\/\/www.researchgate.net\/profile\/Gharbi-Sofiane\" target=\"_blank\" rel=\"noopener\">https:\/\/www.researchgate.net\/profile\/Gharbi-Sofiane<\/a><\/p><h4>Heddar Aicha<\/h4><p><a href=\"https:\/\/www.researchgate.net\/profile\/Aicha-Heddar\" target=\"_blank\" rel=\"noopener\">https:\/\/www.researchgate.net\/profile\/Aicha-Heddar<\/a><\/p><h4>Mobarki Mourad<\/h4><p><a href=\"https:\/\/www.researchgate.net\/profile\/Mourad-Mobarki\" target=\"_blank\" rel=\"noopener\">https:\/\/www.researchgate.net\/profile\/Mourad-Mobarki<\/a><\/p><h4>Mohammedi Yahia<\/h4><p><a href=\"https:\/\/www.researchgate.net\/profile\/Yahia-Mohammedi\" target=\"_blank\" rel=\"noopener\">https:\/\/www.researchgate.net\/profile\/Yahia-Mohammedi<\/a><\/p><p><a href=\"https:\/\/www.scopus.com\/authid\/detail.uri?authorId=57207824910\" target=\"_blank\" rel=\"noopener\">https:\/\/www.scopus.com\/authid\/detail.uri?authorId=57207824910<\/a>&lsquo;<\/p>\t\t\t\t\t\t<\/div>\n\t\t\t\t<\/div>\n\t\t\t\t\t<\/div>\n\t\t<\/div>\n\t\t\t\t\t<\/div>\n\t\t<\/section>\n\t\t\t\t<\/div>\n\t\t","protected":false},"excerpt":{"rendered":"<p>Publications de la Division Al\u00e9as et Risques G\u00e9ologiques Liste des membres Fermer Equipe Zonage Sismique Ayadi Abdelhakim Ousadou Farida Aguemoune Samir Equipe Sismologie Rdi Zohir Issaadi Abdelouahab Saadi Ahmed Melouk Billel Aidi Chafik Chimouni Redouane Chami Adel Abacha Issam Layadi Khalissa Semmana Fethi Equipe Sismologie Historique Sebai Amel Rouchiche Yasmina Kherchouche Radia Equipe Alerte et [&hellip;]<\/p>\n","protected":false},"author":1,"featured_media":0,"parent":0,"menu_order":0,"comment_status":"closed","ping_status":"closed","template":"","meta":{"site-sidebar-layout":"no-sidebar","site-content-layout":"page-builder","ast-site-content-layout":"full-width-container","site-content-style":"default","site-sidebar-style":"default","ast-global-header-display":"","ast-banner-title-visibility":"","ast-main-header-display":"","ast-hfb-above-header-display":"","ast-hfb-below-header-display":"","ast-hfb-mobile-header-display":"","site-post-title":"disabled","ast-breadcrumbs-content":"","ast-featured-img":"disabled","footer-sml-layout":"","theme-transparent-header-meta":"","adv-header-id-meta":"","stick-header-meta":"","header-above-stick-meta":"","header-main-stick-meta":"","header-below-stick-meta":"","astra-migrate-meta-layouts":"set","ast-page-background-enabled":"default","ast-page-background-meta":{"desktop":{"background-color":"var(--ast-global-color-4)","background-image":"","background-repeat":"repeat","background-position":"center center","background-size":"auto","background-attachment":"scroll","background-type":"","background-media":"","overlay-type":"","overlay-color":"","overlay-opacity":"","overlay-gradient":""},"tablet":{"background-color":"","background-image":"","background-repeat":"repeat","background-position":"center center","background-size":"auto","background-attachment":"scroll","background-type":"","background-media":"","overlay-type":"","overlay-color":"","overlay-opacity":"","overlay-gradient":""},"mobile":{"background-color":"","background-image":"","background-repeat":"repeat","background-position":"center center","background-size":"auto","background-attachment":"scroll","background-type":"","background-media":"","overlay-type":"","overlay-color":"","overlay-opacity":"","overlay-gradient":""}},"ast-content-background-meta":{"desktop":{"background-color":"var(--ast-global-color-5)","background-image":"","background-repeat":"repeat","background-position":"center center","background-size":"auto","background-attachment":"scroll","background-type":"","background-media":"","overlay-type":"","overlay-color":"","overlay-opacity":"","overlay-gradient":""},"tablet":{"background-color":"var(--ast-global-color-5)","background-image":"","background-repeat":"repeat","background-position":"center center","background-size":"auto","background-attachment":"scroll","background-type":"","background-media":"","overlay-type":"","overlay-color":"","overlay-opacity":"","overlay-gradient":""},"mobile":{"background-color":"var(--ast-global-color-5)","background-image":"","background-repeat":"repeat","background-position":"center center","background-size":"auto","background-attachment":"scroll","background-type":"","background-media":"","overlay-type":"","overlay-color":"","overlay-opacity":"","overlay-gradient":""}},"footnotes":""},"class_list":["post-4560","page","type-page","status-publish","hentry"],"_links":{"self":[{"href":"https:\/\/www.craag.dz\/index.php\/wp-json\/wp\/v2\/pages\/4560"}],"collection":[{"href":"https:\/\/www.craag.dz\/index.php\/wp-json\/wp\/v2\/pages"}],"about":[{"href":"https:\/\/www.craag.dz\/index.php\/wp-json\/wp\/v2\/types\/page"}],"author":[{"embeddable":true,"href":"https:\/\/www.craag.dz\/index.php\/wp-json\/wp\/v2\/users\/1"}],"replies":[{"embeddable":true,"href":"https:\/\/www.craag.dz\/index.php\/wp-json\/wp\/v2\/comments?post=4560"}],"version-history":[{"count":31,"href":"https:\/\/www.craag.dz\/index.php\/wp-json\/wp\/v2\/pages\/4560\/revisions"}],"predecessor-version":[{"id":7122,"href":"https:\/\/www.craag.dz\/index.php\/wp-json\/wp\/v2\/pages\/4560\/revisions\/7122"}],"wp:attachment":[{"href":"https:\/\/www.craag.dz\/index.php\/wp-json\/wp\/v2\/media?parent=4560"}],"curies":[{"name":"wp","href":"https:\/\/api.w.org\/{rel}","templated":true}]}}